{"id":4186,"date":"2023-01-03T14:55:19","date_gmt":"2023-01-03T14:55:19","guid":{"rendered":"https:\/\/cercina.pt\/web\/?page_id=4186"},"modified":"2023-01-27T14:00:36","modified_gmt":"2023-01-27T14:00:36","slug":"sad","status":"publish","type":"page","link":"https:\/\/cercina.pt\/web\/sad\/","title":{"rendered":"Servi\u00e7o de Apoio Domicili\u00e1rio"},"content":{"rendered":"\t\t<div data-elementor-type=\"wp-page\" data-elementor-id=\"4186\" class=\"elementor elementor-4186\">\n\t\t\t\t\t\t\t\t\t<section class=\"elementor-section elementor-top-section elementor-element elementor-element-d4264ba elementor-section-boxed elementor-section-height-default elementor-section-height-default\" data-id=\"d4264ba\" data-element_type=\"section\">\n\t\t\t\t\t\t<div class=\"elementor-container elementor-column-gap-default\">\n\t\t\t\t\t<div class=\"elementor-column elementor-col-33 elementor-top-column elementor-element elementor-element-15e641a\" data-id=\"15e641a\" data-element_type=\"column\">\n\t\t\t<div class=\"elementor-widget-wrap elementor-element-populated\">\n\t\t\t\t\t\t\t\t<div class=\"elementor-element elementor-element-ba83ef7 elementor-widget elementor-widget-image\" data-id=\"ba83ef7\" data-element_type=\"widget\" data-widget_type=\"image.default\">\n\t\t\t\t<div class=\"elementor-widget-container\">\n\t\t\t\t\t\t\t\t\t\t\t\t\t\t\t<img width=\"1024\" height=\"576\" src=\"https:\/\/cercina.pt\/web\/wp-content\/uploads\/2023\/01\/foto_local_instalacoes-1024x576.jpg\" class=\"attachment-large size-large wp-image-4198\" alt=\"\" srcset=\"https:\/\/cercina.pt\/web\/wp-content\/uploads\/2023\/01\/foto_local_instalacoes-200x113.jpg 200w, https:\/\/cercina.pt\/web\/wp-content\/uploads\/2023\/01\/foto_local_instalacoes-300x169.jpg 300w, https:\/\/cercina.pt\/web\/wp-content\/uploads\/2023\/01\/foto_local_instalacoes-400x225.jpg 400w, https:\/\/cercina.pt\/web\/wp-content\/uploads\/2023\/01\/foto_local_instalacoes-600x338.jpg 600w, https:\/\/cercina.pt\/web\/wp-content\/uploads\/2023\/01\/foto_local_instalacoes-768x432.jpg 768w, https:\/\/cercina.pt\/web\/wp-content\/uploads\/2023\/01\/foto_local_instalacoes-800x450.jpg 800w, https:\/\/cercina.pt\/web\/wp-content\/uploads\/2023\/01\/foto_local_instalacoes-1024x576.jpg 1024w, https:\/\/cercina.pt\/web\/wp-content\/uploads\/2023\/01\/foto_local_instalacoes-1200x675.jpg 1200w, https:\/\/cercina.pt\/web\/wp-content\/uploads\/2023\/01\/foto_local_instalacoes-1536x864.jpg 1536w\" sizes=\"(max-width: 1024px) 100vw, 1024px\" \/>\t\t\t\t\t\t\t\t\t\t\t\t\t\t\t<\/div>\n\t\t\t\t<\/div>\n\t\t\t\t\t<\/div>\n\t\t<\/div>\n\t\t\t\t<div class=\"elementor-column elementor-col-66 elementor-top-column elementor-element elementor-element-5e3acb0\" data-id=\"5e3acb0\" data-element_type=\"column\">\n\t\t\t<div class=\"elementor-widget-wrap elementor-element-populated\">\n\t\t\t\t\t\t\t\t<div class=\"elementor-element elementor-element-04e6a22 elementor-widget elementor-widget-text-editor\" data-id=\"04e6a22\" data-element_type=\"widget\" data-widget_type=\"text-editor.default\">\n\t\t\t\t<div class=\"elementor-widget-container\">\n\t\t\t\t\t\t\t<p>O Servi\u00e7o de Apoio Domicili\u00e1rio para a Vida Independente (SAD) \u00e9 uma resposta social da CERCINA que consiste na presta\u00e7\u00e3o de cuidados individualizados e personalizados no domic\u00edlio, a indiv\u00edduos e fam\u00edlias quando, por motivo de defici\u00eancia, doen\u00e7a ou outro impedimento, n\u00e3o possam assegurar tempor\u00e1ria ou permanentemente, a satisfa\u00e7\u00e3o das suas necessidades b\u00e1sicas e\/ou as atividades da vida di\u00e1ria.<\/p><p>Documentos para consulta:<\/p><p>&#8211; Regulamento do SAD<br \/>&#8211; <a href=\"https:\/\/cercina.pt\/web\/wp-content\/uploads\/2023\/01\/SAD-flyer.png\">Flyer informativo<\/a><\/p>\t\t\t\t\t\t<\/div>\n\t\t\t\t<\/div>\n\t\t\t\t\t<\/div>\n\t\t<\/div>\n\t\t\t\t\t\t\t<\/div>\n\t\t<\/section>\n\t\t\t\t<section class=\"elementor-section elementor-top-section elementor-element elementor-element-e3b735a elementor-section-boxed elementor-section-height-default elementor-section-height-default\" data-id=\"e3b735a\" data-element_type=\"section\">\n\t\t\t\t\t\t<div class=\"elementor-container elementor-column-gap-default\">\n\t\t\t\t\t<div class=\"elementor-column elementor-col-100 elementor-top-column elementor-element elementor-element-322a577\" data-id=\"322a577\" data-element_type=\"column\">\n\t\t\t<div class=\"elementor-widget-wrap elementor-element-populated\">\n\t\t\t\t\t\t\t\t<div class=\"elementor-element elementor-element-795850c elementor-widget elementor-widget-text-editor\" data-id=\"795850c\" data-element_type=\"widget\" data-widget_type=\"text-editor.default\">\n\t\t\t\t<div class=\"elementor-widget-container\">\n\t\t\t\t\t\t\t<p><b>Destinat\u00e1rios<\/b><\/p>\t\t\t\t\t\t<\/div>\n\t\t\t\t<\/div>\n\t\t\t\t\t<\/div>\n\t\t<\/div>\n\t\t\t\t\t\t\t<\/div>\n\t\t<\/section>\n\t\t\t\t<section class=\"elementor-section elementor-top-section elementor-element elementor-element-b224cfb elementor-section-boxed elementor-section-height-default elementor-section-height-default\" data-id=\"b224cfb\" data-element_type=\"section\">\n\t\t\t\t\t\t<div class=\"elementor-container elementor-column-gap-default\">\n\t\t\t\t\t<div class=\"elementor-column elementor-col-100 elementor-top-column elementor-element elementor-element-1ed42ff\" data-id=\"1ed42ff\" data-element_type=\"column\">\n\t\t\t<div class=\"elementor-widget-wrap elementor-element-populated\">\n\t\t\t\t\t\t\t\t<div class=\"elementor-element elementor-element-b30f628 elementor-widget elementor-widget-text-editor\" data-id=\"b30f628\" data-element_type=\"widget\" data-widget_type=\"text-editor.default\">\n\t\t\t\t<div class=\"elementor-widget-container\">\n\t\t\t\t\t\t\t<p>a) Pessoas que, por motivo de defici\u00eancia e\/ou doen\u00e7a mental, cuja situa\u00e7\u00e3o de depend\u00eancia n\u00e3o lhes permita satisfazer as suas necessidades b\u00e1sicas e\/ou as atividades da vida di\u00e1ria;<\/p><p>b) Pessoas de idade superior a 65 anos que por algum impedimento, n\u00e3o possam assegurar, tempor\u00e1ria ou permanentemente, a satisfa\u00e7\u00e3o das suas necessidades b\u00e1sicas e\/ou atividades da vida di\u00e1ria.<\/p>\t\t\t\t\t\t<\/div>\n\t\t\t\t<\/div>\n\t\t\t\t\t<\/div>\n\t\t<\/div>\n\t\t\t\t\t\t\t<\/div>\n\t\t<\/section>\n\t\t\t\t<section class=\"elementor-section elementor-top-section elementor-element elementor-element-bd6f822 elementor-section-boxed elementor-section-height-default elementor-section-height-default\" data-id=\"bd6f822\" data-element_type=\"section\">\n\t\t\t\t\t\t<div class=\"elementor-container elementor-column-gap-default\">\n\t\t\t\t\t<div class=\"elementor-column elementor-col-100 elementor-top-column elementor-element elementor-element-d90c8da\" data-id=\"d90c8da\" data-element_type=\"column\">\n\t\t\t<div class=\"elementor-widget-wrap elementor-element-populated\">\n\t\t\t\t\t\t\t\t<div class=\"elementor-element elementor-element-d8e2fe1 elementor-widget elementor-widget-text-editor\" data-id=\"d8e2fe1\" data-element_type=\"widget\" data-widget_type=\"text-editor.default\">\n\t\t\t\t<div class=\"elementor-widget-container\">\n\t\t\t\t\t\t\t<p><span style=\"font-weight: bold;\">Servi\u00e7os dispon\u00edveis<\/span><\/p>\t\t\t\t\t\t<\/div>\n\t\t\t\t<\/div>\n\t\t\t\t\t<\/div>\n\t\t<\/div>\n\t\t\t\t\t\t\t<\/div>\n\t\t<\/section>\n\t\t\t\t<section class=\"elementor-section elementor-top-section elementor-element elementor-element-4dbf61d elementor-section-boxed elementor-section-height-default elementor-section-height-default\" data-id=\"4dbf61d\" data-element_type=\"section\">\n\t\t\t\t\t\t<div class=\"elementor-container elementor-column-gap-default\">\n\t\t\t\t\t<div class=\"elementor-column elementor-col-100 elementor-top-column elementor-element elementor-element-e925d3b\" data-id=\"e925d3b\" data-element_type=\"column\">\n\t\t\t<div class=\"elementor-widget-wrap elementor-element-populated\">\n\t\t\t\t\t\t\t\t<div class=\"elementor-element elementor-element-d8bc5cf elementor-widget elementor-widget-text-editor\" data-id=\"d8bc5cf\" data-element_type=\"widget\" data-widget_type=\"text-editor.default\">\n\t\t\t\t<div class=\"elementor-widget-container\">\n\t\t\t\t\t\t\t<p style=\"line-height: 108%; margin-bottom: 0.28cm;\" align=\"justify\">&nbsp;a) Confe\u00e7\u00e3o, transporte e\/ou apoio nas refei\u00e7\u00f5es;<\/p>\n<p style=\"line-height: 108%; margin-bottom: 0.28cm;\" align=\"justify\">b)&nbsp;Cuidados de higiene e de conforto pessoal;<\/p>\n<p style=\"line-height: 108%; margin-bottom: 0.28cm;\" align=\"justify\">c)&nbsp;Tratamento de roupa de uso pessoal do cliente;<\/p>\n<p style=\"line-height: 108%; margin-bottom: 0.28cm;\" align=\"justify\">d)&nbsp;Arruma\u00e7\u00e3o e pequenas limpezas no domic\u00edlio;<\/p>\n<p style=\"line-height: 108%; margin-bottom: 0.28cm;\" align=\"justify\">e)&nbsp;Aquisi\u00e7\u00e3o de g\u00e9neros aliment\u00edcios e outros artigos de 1\u00aa&nbsp;necessidade, nomeadamente medicamentos;<\/p>\n<p style=\"line-height: 108%; margin-bottom: 0.28cm;\" align=\"justify\"><span style=\"color: var( --e-global-color-text ); font-family: var( --e-global-typography-text-font-family ), Sans-serif; font-weight: var( --e-global-typography-text-font-weight ); letter-spacing: 0px;\">f)&nbsp;Administra\u00e7\u00e3o da medica\u00e7\u00e3o prescrita;<\/span><\/p>\n<p style=\"line-height: 108%; margin-bottom: 0.28cm;\" align=\"justify\">g) Treino de compet\u00eancias pessoais e sociais promotoras de autonomia;<\/p>\n<p style=\"line-height: 108%; margin-bottom: 0.28cm;\" align=\"justify\">h) Apoio Psicossocial;<\/p>\n<p style=\"line-height: 108%; margin-bottom: 0.28cm;\" align=\"justify\">i) Ced\u00eancia\/aluguer de ajudas t\u00e9cnicas quando poss\u00edvel;<\/p>\n<p style=\"line-height: 108%; margin-bottom: 0.28cm;\" align=\"justify\">j) Atividades de motricidade e reabilita\u00e7\u00e3o;<\/p>\n<p style=\"line-height: 108%; margin-bottom: 0.28cm;\" align=\"justify\">l) Atividades de anima\u00e7\u00e3o sociocultural;<\/p>\n<p style=\"line-height: 108%; margin-bottom: 0.28cm;\" align=\"justify\">m) Orienta\u00e7\u00e3o ou acompanhamento de pequenas repara\u00e7\u00f5es\/modifica\u00e7\u00f5es no domic\u00edlio;<\/p>\n<p style=\"line-height: 108%; margin-bottom: 0.28cm;\" align=\"justify\">n) Acompanhamento e transporte a consultas, assim como, aos exames complementares de diagn\u00f3stico;<\/p>\n<p style=\"line-height: 108%; margin-bottom: 0.28cm;\" align=\"justify\">\n<\/p><p style=\"line-height: 108%; margin-bottom: 0.28cm;\" align=\"justify\">o) Acompanhamento ao exterior.<span style=\"color: var( --e-global-color-text ); font-family: var( --e-global-typography-text-font-family ), Sans-serif; font-weight: var( --e-global-typography-text-font-weight ); letter-spacing: 0px;\">&nbsp;<\/span><\/p>\t\t\t\t\t\t<\/div>\n\t\t\t\t<\/div>\n\t\t\t\t\t<\/div>\n\t\t<\/div>\n\t\t\t\t\t\t\t<\/div>\n\t\t<\/section>\n\t\t\t\t\t\t\t<\/div>\n\t\t","protected":false},"excerpt":{"rendered":"<p>O Servi\u00e7o de Apoio Domicili\u00e1rio para a Vida Independente (SAD) \u00e9 uma resposta social da CERCINA que consiste na presta\u00e7\u00e3o de cuidados individualizados e personalizados no domic\u00edlio, a indiv\u00edduos e fam\u00edlias quando, por motivo de defici\u00eancia, doen\u00e7a ou outro impedimento, n\u00e3o possam assegurar tempor\u00e1ria ou permanentemente, a satisfa\u00e7\u00e3o das suas necessidades b\u00e1sicas e\/ou as atividades [&hellip;]<\/p>\n","protected":false},"author":2,"featured_media":0,"parent":0,"menu_order":0,"comment_status":"closed","ping_status":"closed","template":"","meta":[],"_links":{"self":[{"href":"https:\/\/cercina.pt\/web\/wp-json\/wp\/v2\/pages\/4186"}],"collection":[{"href":"https:\/\/cercina.pt\/web\/wp-json\/wp\/v2\/pages"}],"about":[{"href":"https:\/\/cercina.pt\/web\/wp-json\/wp\/v2\/types\/page"}],"author":[{"embeddable":true,"href":"https:\/\/cercina.pt\/web\/wp-json\/wp\/v2\/users\/2"}],"replies":[{"embeddable":true,"href":"https:\/\/cercina.pt\/web\/wp-json\/wp\/v2\/comments?post=4186"}],"version-history":[{"count":7,"href":"https:\/\/cercina.pt\/web\/wp-json\/wp\/v2\/pages\/4186\/revisions"}],"predecessor-version":[{"id":4201,"href":"https:\/\/cercina.pt\/web\/wp-json\/wp\/v2\/pages\/4186\/revisions\/4201"}],"wp:attachment":[{"href":"https:\/\/cercina.pt\/web\/wp-json\/wp\/v2\/media?parent=4186"}],"curies":[{"name":"wp","href":"https:\/\/api.w.org\/{rel}","templated":true}]}}