{"id":4017,"date":"2022-07-15T15:58:20","date_gmt":"2022-07-15T15:58:20","guid":{"rendered":"https:\/\/cercina.pt\/web\/?page_id=4017"},"modified":"2022-07-15T16:03:38","modified_gmt":"2022-07-15T16:03:38","slug":"cri-centro-de-recursos-para-a-inclusao","status":"publish","type":"page","link":"https:\/\/cercina.pt\/web\/cri-centro-de-recursos-para-a-inclusao\/","title":{"rendered":"CRI &#8211; Centro de Recursos para a Inclus\u00e3o"},"content":{"rendered":"\t\t<div data-elementor-type=\"wp-page\" data-elementor-id=\"4017\" class=\"elementor elementor-4017\">\n\t\t\t\t\t\t\t\t\t<section class=\"elementor-section elementor-top-section elementor-element elementor-element-49b5c3f elementor-section-boxed elementor-section-height-default elementor-section-height-default\" data-id=\"49b5c3f\" data-element_type=\"section\">\n\t\t\t\t\t\t<div class=\"elementor-container elementor-column-gap-default\">\n\t\t\t\t\t<div class=\"elementor-column elementor-col-100 elementor-top-column elementor-element elementor-element-c8d7936\" data-id=\"c8d7936\" data-element_type=\"column\">\n\t\t\t<div class=\"elementor-widget-wrap elementor-element-populated\">\n\t\t\t\t\t\t\t\t<div class=\"elementor-element elementor-element-3482014 elementor-widget elementor-widget-heading\" data-id=\"3482014\" data-element_type=\"widget\" data-widget_type=\"heading.default\">\n\t\t\t\t<div class=\"elementor-widget-container\">\n\t\t\t<h4 class=\"elementor-heading-title elementor-size-large\">Centro de Recursos para a Inclus\u00e3o<\/h4>\t\t<\/div>\n\t\t\t\t<\/div>\n\t\t\t\t\t<\/div>\n\t\t<\/div>\n\t\t\t\t\t\t\t<\/div>\n\t\t<\/section>\n\t\t\t\t<section class=\"elementor-section elementor-top-section elementor-element elementor-element-2e27995 elementor-section-boxed elementor-section-height-default elementor-section-height-default\" data-id=\"2e27995\" data-element_type=\"section\">\n\t\t\t\t\t\t<div class=\"elementor-container elementor-column-gap-default\">\n\t\t\t\t\t<div class=\"elementor-column elementor-col-100 elementor-top-column elementor-element elementor-element-bbc96cb\" data-id=\"bbc96cb\" data-element_type=\"column\">\n\t\t\t<div class=\"elementor-widget-wrap elementor-element-populated\">\n\t\t\t\t\t\t\t\t<div class=\"elementor-element elementor-element-72d055f elementor-widget elementor-widget-text-editor\" data-id=\"72d055f\" data-element_type=\"widget\" data-widget_type=\"text-editor.default\">\n\t\t\t\t<div class=\"elementor-widget-container\">\n\t\t\t\t\t\t\t<p>O Centro de Recursos para a Inclus\u00e3o da CERCINA, certificado pela norma da qualidade Equass, tem por objectivo apoiar a inclus\u00e3o das crian\u00e7as e jovens com defici\u00eancias e incapacidade (necessidades educativas especiais de car\u00e1ter permanente), em parceria com as estruturas da comunidade, atrav\u00e9s da facilita\u00e7\u00e3o do acesso ao ensino, \u00e0 forma\u00e7\u00e3o, ao trabalho, ao lazer, \u00e0 participa\u00e7\u00e3o social e \u00e0 vida aut\u00f3noma, promovendo ao m\u00e1ximo o potencial de cada indiv\u00edduo.<\/p>\t\t\t\t\t\t<\/div>\n\t\t\t\t<\/div>\n\t\t\t\t\t<\/div>\n\t\t<\/div>\n\t\t\t\t\t\t\t<\/div>\n\t\t<\/section>\n\t\t\t\t\t\t\t<\/div>\n\t\t","protected":false},"excerpt":{"rendered":"<p>Centro de Recursos para a Inclus\u00e3o O Centro de Recursos para a Inclus\u00e3o da CERCINA, certificado pela norma da qualidade Equass, tem por objectivo apoiar a inclus\u00e3o das crian\u00e7as e jovens com defici\u00eancias e incapacidade (necessidades educativas especiais de car\u00e1ter permanente), em parceria com as estruturas da comunidade, atrav\u00e9s da facilita\u00e7\u00e3o do acesso ao ensino, [&hellip;]<\/p>\n","protected":false},"author":2,"featured_media":0,"parent":0,"menu_order":0,"comment_status":"closed","ping_status":"closed","template":"","meta":[],"_links":{"self":[{"href":"https:\/\/cercina.pt\/web\/wp-json\/wp\/v2\/pages\/4017"}],"collection":[{"href":"https:\/\/cercina.pt\/web\/wp-json\/wp\/v2\/pages"}],"about":[{"href":"https:\/\/cercina.pt\/web\/wp-json\/wp\/v2\/types\/page"}],"author":[{"embeddable":true,"href":"https:\/\/cercina.pt\/web\/wp-json\/wp\/v2\/users\/2"}],"replies":[{"embeddable":true,"href":"https:\/\/cercina.pt\/web\/wp-json\/wp\/v2\/comments?post=4017"}],"version-history":[{"count":9,"href":"https:\/\/cercina.pt\/web\/wp-json\/wp\/v2\/pages\/4017\/revisions"}],"predecessor-version":[{"id":4026,"href":"https:\/\/cercina.pt\/web\/wp-json\/wp\/v2\/pages\/4017\/revisions\/4026"}],"wp:attachment":[{"href":"https:\/\/cercina.pt\/web\/wp-json\/wp\/v2\/media?parent=4017"}],"curies":[{"name":"wp","href":"https:\/\/api.w.org\/{rel}","templated":true}]}}