{"id":3398,"date":"2020-12-28T15:49:16","date_gmt":"2020-12-28T15:49:16","guid":{"rendered":"https:\/\/cercina.pt\/web\/?page_id=3398"},"modified":"2021-05-31T11:50:22","modified_gmt":"2021-05-31T11:50:22","slug":"acerca-de-nos","status":"publish","type":"page","link":"https:\/\/cercina.pt\/web\/acerca-de-nos\/","title":{"rendered":"Acerca de n\u00f3s"},"content":{"rendered":"\t\t<div data-elementor-type=\"wp-page\" data-elementor-id=\"3398\" class=\"elementor elementor-3398\">\n\t\t\t\t\t\t\t\t\t<section class=\"elementor-section elementor-top-section elementor-element elementor-element-b131e0d elementor-section-full_width elementor-section-height-default elementor-section-height-default\" data-id=\"b131e0d\" data-element_type=\"section\">\n\t\t\t\t\t\t<div class=\"elementor-container elementor-column-gap-default\">\n\t\t\t\t\t<div class=\"elementor-column elementor-col-100 elementor-top-column elementor-element elementor-element-a4ad162\" data-id=\"a4ad162\" data-element_type=\"column\">\n\t\t\t<div class=\"elementor-widget-wrap elementor-element-populated\">\n\t\t\t\t\t\t\t\t<div class=\"elementor-element elementor-element-8a0bc13 elementor-widget elementor-widget-image\" data-id=\"8a0bc13\" data-element_type=\"widget\" data-widget_type=\"image.default\">\n\t\t\t\t<div class=\"elementor-widget-container\">\n\t\t\t\t\t\t\t\t\t\t\t\t\t\t\t<img width=\"669\" height=\"272\" src=\"https:\/\/cercina.pt\/web\/wp-content\/uploads\/2021\/05\/quem_somos-669x272.png\" class=\"attachment-blog-large size-blog-large wp-image-3654\" alt=\"\" \/>\t\t\t\t\t\t\t\t\t\t\t\t\t\t\t<\/div>\n\t\t\t\t<\/div>\n\t\t\t\t\t<\/div>\n\t\t<\/div>\n\t\t\t\t\t\t\t<\/div>\n\t\t<\/section>\n\t\t\t\t<section class=\"elementor-section elementor-top-section elementor-element elementor-element-2f18c9f elementor-section-boxed elementor-section-height-default elementor-section-height-default\" data-id=\"2f18c9f\" data-element_type=\"section\">\n\t\t\t\t\t\t<div class=\"elementor-container elementor-column-gap-default\">\n\t\t\t\t\t<div class=\"elementor-column elementor-col-100 elementor-top-column elementor-element elementor-element-0e41a53\" data-id=\"0e41a53\" data-element_type=\"column\">\n\t\t\t<div class=\"elementor-widget-wrap\">\n\t\t\t\t\t\t\t\t\t<\/div>\n\t\t<\/div>\n\t\t\t\t\t\t\t<\/div>\n\t\t<\/section>\n\t\t\t\t<section class=\"elementor-section elementor-top-section elementor-element elementor-element-504f0ee elementor-section-boxed elementor-section-height-default elementor-section-height-default\" data-id=\"504f0ee\" data-element_type=\"section\">\n\t\t\t\t\t\t<div class=\"elementor-container elementor-column-gap-default\">\n\t\t\t\t\t<div class=\"elementor-column elementor-col-100 elementor-top-column elementor-element elementor-element-27b2fcf\" data-id=\"27b2fcf\" data-element_type=\"column\">\n\t\t\t<div class=\"elementor-widget-wrap elementor-element-populated\">\n\t\t\t\t\t\t\t\t<div class=\"elementor-element elementor-element-da35a55 elementor-widget elementor-widget-text-editor\" data-id=\"da35a55\" data-element_type=\"widget\" data-widget_type=\"text-editor.default\">\n\t\t\t\t<div class=\"elementor-widget-container\">\n\t\t\t\t\t\t\t<p>A CERCINA \u2013 Cooperativa de Ensino, Reabilita\u00e7\u00e3o, <span style=\"color: var( --e-global-color-text ); font-family: var( --e-global-typography-text-font-family ), Sans-serif; font-weight: var( --e-global-typography-text-font-weight ); letter-spacing: 0px;\">Capacita\u00e7\u00e3o e Inclus\u00e3o da Nazar\u00e9, nasceu em 1981,\u00a0<\/span><span style=\"color: var( --e-global-color-text ); font-family: var( --e-global-typography-text-font-family ), Sans-serif; font-weight: var( --e-global-typography-text-font-weight ); letter-spacing: 0px;\">como movimento associativo de professores, pais e\u00a0<\/span>t\u00e9cnicos, visando a cria\u00e7\u00e3o e a implementa\u00e7\u00e3o de\u00a0<span style=\"color: var( --e-global-color-text ); font-family: var( --e-global-typography-text-font-family ), Sans-serif; font-weight: var( --e-global-typography-text-font-weight ); letter-spacing: 0px;\">respostas sociais, educativas, ocupacionais e laborais\u00a0<\/span><span style=\"color: var( --e-global-color-text ); font-family: var( --e-global-typography-text-font-family ), Sans-serif; font-weight: var( --e-global-typography-text-font-weight ); letter-spacing: 0px;\">para crian\u00e7as, jovens e adultos com defici\u00eancia.<br \/><\/span><span style=\"color: var( --e-global-color-text ); font-family: var( --e-global-typography-text-font-family ), Sans-serif; font-weight: var( --e-global-typography-text-font-weight ); letter-spacing: 0px;\">Este modelo associativo incorporou os conceitos de\u00a0<\/span><span style=\"color: var( --e-global-color-text ); font-family: var( --e-global-typography-text-font-family ), Sans-serif; font-weight: var( --e-global-typography-text-font-weight ); letter-spacing: 0px;\">coopera\u00e7\u00e3o, solidariedade e de parceria entre os\u00a0<\/span><span style=\"color: var( --e-global-color-text ); font-family: var( --e-global-typography-text-font-family ), Sans-serif; font-weight: var( --e-global-typography-text-font-weight ); letter-spacing: 0px;\">diversos agentes da comunidade que definem a a\u00e7\u00e3o d<\/span><span style=\"color: var( --e-global-color-text ); font-family: var( --e-global-typography-text-font-family ), Sans-serif; font-weight: var( --e-global-typography-text-font-weight ); letter-spacing: 0px;\">a CERCINA, que se assume hoje como uma resposta\u00a0<\/span><span style=\"color: var( --e-global-color-text ); font-family: var( --e-global-typography-text-font-family ), Sans-serif; font-weight: var( --e-global-typography-text-font-weight ); letter-spacing: 0px;\">social de base comunit\u00e1ria para a promo\u00e7\u00e3o dos\u00a0<\/span><span style=\"color: var( --e-global-color-text ); font-family: var( --e-global-typography-text-font-family ), Sans-serif; font-weight: var( --e-global-typography-text-font-weight ); letter-spacing: 0px;\">direitos da pessoa com defici\u00eancia, bem como para a\u00a0<\/span><span style=\"color: var( --e-global-color-text ); font-family: var( --e-global-typography-text-font-family ), Sans-serif; font-weight: var( --e-global-typography-text-font-weight ); letter-spacing: 0px;\">capacita\u00e7\u00e3o e a inclus\u00e3o de grupos populacionais social\u00a0<\/span><span style=\"color: var( --e-global-color-text ); font-family: var( --e-global-typography-text-font-family ), Sans-serif; font-weight: var( --e-global-typography-text-font-weight ); letter-spacing: 0px;\">e economicamente vulner\u00e1veis.<\/span><\/p>\t\t\t\t\t\t<\/div>\n\t\t\t\t<\/div>\n\t\t\t\t\t<\/div>\n\t\t<\/div>\n\t\t\t\t\t\t\t<\/div>\n\t\t<\/section>\n\t\t\t\t\t\t\t<\/div>\n\t\t","protected":false},"excerpt":{"rendered":"<p>A CERCINA \u2013 Cooperativa de Ensino, Reabilita\u00e7\u00e3o, Capacita\u00e7\u00e3o e Inclus\u00e3o da Nazar\u00e9, nasceu em 1981,\u00a0como movimento associativo de professores, pais e\u00a0t\u00e9cnicos, visando a cria\u00e7\u00e3o e a implementa\u00e7\u00e3o de\u00a0respostas sociais, educativas, ocupacionais e laborais\u00a0para crian\u00e7as, jovens e adultos com defici\u00eancia.Este modelo associativo incorporou os conceitos de\u00a0coopera\u00e7\u00e3o, solidariedade e de parceria entre os\u00a0diversos agentes da comunidade que [&hellip;]<\/p>\n","protected":false},"author":1,"featured_media":0,"parent":0,"menu_order":0,"comment_status":"closed","ping_status":"closed","template":"","meta":[],"_links":{"self":[{"href":"https:\/\/cercina.pt\/web\/wp-json\/wp\/v2\/pages\/3398"}],"collection":[{"href":"https:\/\/cercina.pt\/web\/wp-json\/wp\/v2\/pages"}],"about":[{"href":"https:\/\/cercina.pt\/web\/wp-json\/wp\/v2\/types\/page"}],"author":[{"embeddable":true,"href":"https:\/\/cercina.pt\/web\/wp-json\/wp\/v2\/users\/1"}],"replies":[{"embeddable":true,"href":"https:\/\/cercina.pt\/web\/wp-json\/wp\/v2\/comments?post=3398"}],"version-history":[{"count":4,"href":"https:\/\/cercina.pt\/web\/wp-json\/wp\/v2\/pages\/3398\/revisions"}],"predecessor-version":[{"id":3657,"href":"https:\/\/cercina.pt\/web\/wp-json\/wp\/v2\/pages\/3398\/revisions\/3657"}],"wp:attachment":[{"href":"https:\/\/cercina.pt\/web\/wp-json\/wp\/v2\/media?parent=3398"}],"curies":[{"name":"wp","href":"https:\/\/api.w.org\/{rel}","templated":true}]}}