{"id":3384,"date":"2020-12-28T15:45:24","date_gmt":"2020-12-28T15:45:24","guid":{"rendered":"https:\/\/cercina.pt\/web\/?page_id=3384"},"modified":"2021-05-31T12:01:42","modified_gmt":"2021-05-31T12:01:42","slug":"quem-somos","status":"publish","type":"page","link":"https:\/\/cercina.pt\/web\/acerca-de-nos\/quem-somos\/","title":{"rendered":"Quem Somos"},"content":{"rendered":"\t\t<div data-elementor-type=\"wp-page\" data-elementor-id=\"3384\" class=\"elementor elementor-3384\">\n\t\t\t\t\t\t\t\t\t<section class=\"elementor-section elementor-top-section elementor-element elementor-element-f9b71b0 elementor-section-boxed elementor-section-height-default elementor-section-height-default\" data-id=\"f9b71b0\" data-element_type=\"section\">\n\t\t\t\t\t\t<div class=\"elementor-container elementor-column-gap-default\">\n\t\t\t\t\t<div class=\"elementor-column elementor-col-100 elementor-top-column elementor-element elementor-element-d7e53a7\" data-id=\"d7e53a7\" data-element_type=\"column\">\n\t\t\t<div class=\"elementor-widget-wrap elementor-element-populated\">\n\t\t\t\t\t\t\t\t<div class=\"elementor-element elementor-element-73fcf4b elementor-widget elementor-widget-image\" data-id=\"73fcf4b\" data-element_type=\"widget\" data-widget_type=\"image.default\">\n\t\t\t\t<div class=\"elementor-widget-container\">\n\t\t\t\t\t\t\t\t\t\t\t\t\t\t\t<img width=\"670\" height=\"292\" src=\"https:\/\/cercina.pt\/web\/wp-content\/uploads\/2021\/05\/quem_somos.png\" class=\"attachment-large size-large wp-image-3654\" alt=\"\" srcset=\"https:\/\/cercina.pt\/web\/wp-content\/uploads\/2021\/05\/quem_somos-200x87.png 200w, https:\/\/cercina.pt\/web\/wp-content\/uploads\/2021\/05\/quem_somos-300x131.png 300w, https:\/\/cercina.pt\/web\/wp-content\/uploads\/2021\/05\/quem_somos-400x174.png 400w, https:\/\/cercina.pt\/web\/wp-content\/uploads\/2021\/05\/quem_somos-600x261.png 600w, https:\/\/cercina.pt\/web\/wp-content\/uploads\/2021\/05\/quem_somos.png 670w\" sizes=\"(max-width: 670px) 100vw, 670px\" \/>\t\t\t\t\t\t\t\t\t\t\t\t\t\t\t<\/div>\n\t\t\t\t<\/div>\n\t\t\t\t\t<\/div>\n\t\t<\/div>\n\t\t\t\t\t\t\t<\/div>\n\t\t<\/section>\n\t\t\t\t<section class=\"elementor-section elementor-top-section elementor-element elementor-element-9d0b4bd elementor-section-boxed elementor-section-height-default elementor-section-height-default\" data-id=\"9d0b4bd\" data-element_type=\"section\">\n\t\t\t\t\t\t<div class=\"elementor-container elementor-column-gap-default\">\n\t\t\t\t\t<div class=\"elementor-column elementor-col-100 elementor-top-column elementor-element elementor-element-f503a28\" data-id=\"f503a28\" data-element_type=\"column\">\n\t\t\t<div class=\"elementor-widget-wrap elementor-element-populated\">\n\t\t\t\t\t\t\t\t<div class=\"elementor-element elementor-element-249ce29 elementor-widget elementor-widget-text-editor\" data-id=\"249ce29\" data-element_type=\"widget\" data-widget_type=\"text-editor.default\">\n\t\t\t\t<div class=\"elementor-widget-container\">\n\t\t\t\t\t\t\t<p>A CERCINA \u2013 Cooperativa de Ensino, Reabilita\u00e7\u00e3o, Capacita\u00e7\u00e3o e Inclus\u00e3o da Nazar\u00e9, nasceu em 1981, como movimento associativo de professores, pais e t\u00e9cnicos, visando a cria\u00e7\u00e3o e a implementa\u00e7\u00e3o de respostas sociais, educativas, ocupacionais e laborais para crian\u00e7as, jovens e adultos com defici\u00eancia.<br \/>Este modelo associativo incorporou os conceitos de coopera\u00e7\u00e3o, solidariedade e de parceria entre os diversos agentes da comunidade que definem a a\u00e7\u00e3o da CERCINA, que se assume hoje como uma resposta social de base comunit\u00e1ria para a promo\u00e7\u00e3o dos direitos da pessoa com defici\u00eancia, bem como para a capacita\u00e7\u00e3o e a inclus\u00e3o de grupos populacionais social e economicamente vulner\u00e1veis.<\/p>\t\t\t\t\t\t<\/div>\n\t\t\t\t<\/div>\n\t\t\t\t\t<\/div>\n\t\t<\/div>\n\t\t\t\t\t\t\t<\/div>\n\t\t<\/section>\n\t\t\t\t\t\t\t<\/div>\n\t\t","protected":false},"excerpt":{"rendered":"<p>A CERCINA \u2013 Cooperativa de Ensino, Reabilita\u00e7\u00e3o, Capacita\u00e7\u00e3o e Inclus\u00e3o da Nazar\u00e9, nasceu em 1981, como movimento associativo de professores, pais e t\u00e9cnicos, visando a cria\u00e7\u00e3o e a implementa\u00e7\u00e3o de respostas sociais, educativas, ocupacionais e laborais para crian\u00e7as, jovens e adultos com defici\u00eancia.Este modelo associativo incorporou os conceitos de coopera\u00e7\u00e3o, solidariedade e de parceria entre [&hellip;]<\/p>\n","protected":false},"author":1,"featured_media":0,"parent":3398,"menu_order":0,"comment_status":"closed","ping_status":"closed","template":"","meta":[],"_links":{"self":[{"href":"https:\/\/cercina.pt\/web\/wp-json\/wp\/v2\/pages\/3384"}],"collection":[{"href":"https:\/\/cercina.pt\/web\/wp-json\/wp\/v2\/pages"}],"about":[{"href":"https:\/\/cercina.pt\/web\/wp-json\/wp\/v2\/types\/page"}],"author":[{"embeddable":true,"href":"https:\/\/cercina.pt\/web\/wp-json\/wp\/v2\/users\/1"}],"replies":[{"embeddable":true,"href":"https:\/\/cercina.pt\/web\/wp-json\/wp\/v2\/comments?post=3384"}],"version-history":[{"count":10,"href":"https:\/\/cercina.pt\/web\/wp-json\/wp\/v2\/pages\/3384\/revisions"}],"predecessor-version":[{"id":3668,"href":"https:\/\/cercina.pt\/web\/wp-json\/wp\/v2\/pages\/3384\/revisions\/3668"}],"up":[{"embeddable":true,"href":"https:\/\/cercina.pt\/web\/wp-json\/wp\/v2\/pages\/3398"}],"wp:attachment":[{"href":"https:\/\/cercina.pt\/web\/wp-json\/wp\/v2\/media?parent=3384"}],"curies":[{"name":"wp","href":"https:\/\/api.w.org\/{rel}","templated":true}]}}